/20*n**5. What is the units digit of g(9)?
6
Suppose 23*q - 4*q - 21755 = 0. What is the hundreds digit of q?
1
What is the tens digit of 3*163/(-9)*-9?
8
Suppose 4*b = -5*d + 3744, 3*b + 5*d = 1599 + 1204. What is the units digit of b?
1
Let q = 9 - -385. What is the tens digit of q?
9
Let r be (-1 - -2)/(4/8). Suppose 5*q + 4*y - 30 = 0, -3*y + 25 = -r*q + 7*q. What is the units digit of -8*(-7)/q - 4?
4
Let w(x) be the second derivative of -x**4/24 + 11*x**3/6 + x**2/2 + 2*x. Let q(l) be the first derivative of w(l). What is the tens digit of q(0)?
1
What is the hundreds digit of 7452/33 + (-20)/(-110)?
2
Suppose 1653 = 17*v - 14*v. What is the hundreds digit of v?
5
Let d(i) = -i**2 - 3*i. Let f be d(0). Suppose 3*g - 7*g + 152 = f. What is the units digit of g?
8
Let s(b) = -23*b + 38. Let a be s(13). Let w = -156 - a. What is the units digit of w?
5
Let p = -17 - -29. Let r(a) = 2*a + 6. Let u be r(p). Suppose 0*s = 2*s - u. What is the units digit of s?
5
Suppose 3*r = 7*r + 4, -r + 4136 = 3*p. What is the thousands digit of p?
1
Let h(j) = 42*j + 298. What is the units digit of h(28)?
4
Let z(d) = 11*d**3 - 21*d**2 + 5*d - 9. What is the units digit of z(6)?
1
Let a(z) = -9*z - 4. Let u = 4 - 2. Suppose u*b = 6*b - 12, 2*t + 3 = -b. What is the tens digit of a(t)?
2
Suppose 3*z - 5*z + 680 = 0. What is the units digit of z?
0
Let k(z) be the third derivative of 0 - 1/60*z**5 + 0*z + 11/24*z**4 + 8*z**2 - 13/6*z**3. What is the tens digit of k(4)?
1
Let q be (-24)/6 - (4 + -2)*-6. Suppose -1093 = -q*t + 27. What is the tens digit of t?
4
Suppose -46*b + 48*b - 2 = 0. What is the tens digit of (-2 + b)/(-1 - (-382)/384)?
9
Suppose 1 = -b + 3*i, 15 = 4*b - 7*b - 3*i. What is the units digit of 404/2 - b/(-4)?
1
Let b(a) = 3*a - 1. Suppose 3*x + 5*m + 5 = 1, -4*x - m = -6. Let n be b(x). Suppose -2*o + 2*w = o - 70, -3*o + n*w + 58 = 0. What is the units digit of o?
6
Let o(r) = r + 5. Let m be o(5). Suppose 2*t = u + t - m, u - 20 = 3*t. Suppose 0 = -5*b - 33 + 8, 0 = -u*z + 5*b + 70. What is the units digit of z?
9
Let j be 3*2/6*245. Suppose 0 = 3*c + m - 299, -5*c + 5*m + 750 - j = 0. What is the units digit of c?
0
Suppose 5*z - 60 = -5*i, -7 = -2*i + 2*z + 17. Let w = i + -7. Suppose w*h - 69 = 2*h. What is the tens digit of h?
2
Let i be 2 + 1 + (-4 - 6). Let n = i - -12. Suppose o = -0*o - 5*g + 74, -4*o + n*g + 221 = 0. What is the tens digit of o?
5
Let v(f) = f + 282. What is the hundreds digit of v(-23)?
2
Let x = -84 + 209. Suppose -16 - x = -3*z. What is the units digit of z?
7
Let x be 11 - (6/(-9))/(6/27). Let b = -12 - -5. What is the units digit of ((-12)/b)/(2/x)?
2
Let c be ((-12)/(-18))/((-4)/(-102)). Suppose u = 20 + c. What is the tens digit of u?
3
Suppose -112 = 4*g - 4*f, -160 + 20 = 5*g + 2*f. What is the units digit of 6/21 + (-720)/g?
6
Suppose 4*l = -2*h - 10, -3 = l + h + 1. Let r(k) = -78*k**3. Let j be r(l). Suppose 2*n - j = -n. What is the tens digit of n?
2
Let y(f) = -4*f**2 + 2*f - 24. Let w(t) = -3*t**2 + t - 24. Let z(v) = 5*w(v) - 4*y(v). What is the units digit of z(10)?
6
What is the units digit of -4 - -7 - 6 - -627?
4
Let g be -5 + (2 - 5) + 12/3. Let v(d) = -d**3 - 3*d + 1. What is the tens digit of v(g)?
7
Let d = -310 + 183. Let f = d - -224. Let n = -57 + f. What is the units digit of n?
0
Let v(i) = -615*i + 399. What is the tens digit of v(-4)?
5
Suppose -11*n + 14*n = 0, 5*z - n = 0. Suppose z = p + 4*p - 4*q - 1462, 4*q = -5*p + 1478. What is the hundreds digit of p?
2
Let h be (4 + (-56)/12)*-6. Suppose -h*g - 4*q + 72 = 0, -g + q = -q - 3. What is the units digit of g?
3
Let f = 12 - 2. Let q = f + -36. What is the tens digit of (-1 - q)*(-2 + 3)?
2
Let v be (-1)/(-7) + 5058/21. Suppose -5*h + v = -2*p, -143 = -0*h - 3*h + 2*p. What is the units digit of h?
9
Let s = -542 + 795. Let k = s + -121. What is the units digit of k?
2
Let w(p) = 9*p**2 + 2. Let m be w(2). Let z = m - 14. What is the units digit of z?
4
Suppose -50*i - 29525 = -75*i. What is the tens digit of i?
8
Let f = -21 - -284. What is the tens digit of f?
6
Let j(t) = 16*t + 3. Let y(d) = -17*d - 4. Let u(m) = 7*j(m) + 6*y(m). Let n be u(4). Let z = -25 + n. What is the tens digit of z?
1
Let g(h) = -18*h + 9. Let m be g(-9). Suppose 9 = 3*a, -3*b + 2*b - a + m = 0. Suppose 4*w - 5*w - 5*v = -63, 0 = 4*w - v - b. What is the tens digit of w?
4
Suppose 4*q - 9 = 15. Let t be q/4 + (-3077)/(-34). Let p = -29 + t. What is the units digit of p?
3
Let c(u) = 6*u**3 - 6*u**2 - 12*u + 22. Let z(v) = 2*v**3 - 2*v**2 - 4*v + 7. Let n(d) = 3*c(d) - 8*z(d). What is the units digit of n(3)?
4
Suppose -31*v - 28 = -27*v. Let o(g) = 4*g**2 + 5*g - 5. What is the units digit of o(v)?
6
Let m = 7 + -5. What is the tens digit of (-588)/(-12) + 2/m?
5
Let d be -4*(-1)/((-16)/140). Let c = -9 + d. Let p = -28 - c. What is the tens digit of p?
1
Let k(w) = 10*w**3 + 2*w**2 - 5*w - 3. What is the tens digit of k(2)?
7
Let b be (-10)/(-55) - 192/(-33). What is the units digit of (2/(-4))/(b/(-156))?
3
Let j = 319 - 229. What is the tens digit of j?
9
Suppose -785 - 251 = -l - 5*j, 4*l + 2*j = 4054. What is the thousands digit of l?
1
Suppose 12*t = 16*t - 10576. What is the units digit of t?
4
Let o = -4 + 1. Let l be 2 + -3 - o*19. Let d = -34 + l. What is the units digit of d?
2
Let v(l) = l**3 + 18*l**2 - l - 38. Let r(s) = 3*s**3 + 37*s**2 - 2*s - 77. Let u(q) = 2*r(q) - 5*v(q). What is the tens digit of u(16)?
5
Suppose 0 = 3*l + 141 - 741. What is the hundreds digit of l?
2
Let w be 27 + 0 + 1 - -4. Let o = w - -7. What is the units digit of (-6)/39 + 1683/o?
3
Let q be (20/(-8))/5*-10. Suppose -2*x = -q*m - 504, 4*m = x - 222 - 27. What is the hundreds digit of x?
2
Let q(s) = -14*s**3 - 3*s**2 - 4*s - 1. What is the tens digit of q(-3)?
6
Suppose 3*k - 4*w - 5 = 8, -4*w = -2*k + 10. Suppose -k*u = -17 - 19. Suppose -u*i - 16 = -13*i. What is the tens digit of i?
1
Suppose -11271 = -5*z - 2*w + 3858, 12105 = 4*z + w. What is the hundreds digit of z?
0
Suppose -159*a + 168*a - 1449 = 0. What is the units digit of a?
1
Let y be 8/(-10)*(1715/(-10) - 6). What is the units digit of -2*(-3 + y/(-4))?
7
Suppose 0 = 3*g + 5*y - 40, g - y = -5*y + 18. Let s(b) = -b**2 + 9*b + 9. Let p be s(g). Let q = 0 - p. What is the units digit of q?
1
Suppose -g + 4*p = -116, -7*p + 8 = -5*p. What is the hundreds digit of g?
1
What is the units digit of (-4)/6 - 3/(54/(-12000))?
6
Let h(s) be the second derivative of s**5/20 + 17*s**4/12 - s**3/6 + 12*s**2 - 10*s. What is the units digit of h(-17)?
1
Let w(r) = 32*r**2 - 30*r + 57. What is the tens digit of w(2)?
2
Suppose u + 2*d + 3*d - 463 = 0, 2*d = 4*u - 1808. What is the tens digit of u?
5
Let p = 4 + -3. Suppose -4 = 4*u, -5*k + 0*u - u = p. Suppose k = -i + 23 - 5. What is the units digit of i?
8
Let b(i) be the third derivative of -i**4/24 + i**3/6 - 6*i**2. Let a be b(-4). Suppose -39 = -a*l + 56. What is the tens digit of l?
1
Let b = -11 - -17. Let n = b - 2. Suppose -k - k = -j - 34, -n*k - 5*j = -96. What is the units digit of k?
9
Let j = -288 + 445. What is the tens digit of j?
5
Let j = 4276 + -2208. What is the tens digit of j?
6
Let c = 2110 + -1522. What is the units digit of c?
8
Let w(u) = 2*u**2 - 35*u - 13. Let i be w(18). Suppose -m + 4*c - 2*c + 108 = 0, -2*m = i*c - 171. What is the tens digit of m?
9
Let t be (44/8 + -4)/(6/800). Suppose 3*p - 7 - 2 = 0. Suppose 7*y - t = p*y. What is the tens digit of y?
5
What is the thousands digit of (-367248)/(-132) + 2/(-11)?
2
Let p = -760 - -2468. What is the units digit of -2 + (-10)/(-4) + p/8?
4
Let m(p) = 3*p**3 - 3*p**2 + 5*p - 32. Suppose -3*b = -10 - 2. Let k(o) = o**3 - o**2 + o. Let v(y) = b*k(y) - m(y). What is the units digit of v(0)?
2
Let p = 1429 - 808. What is the hundreds digit of p?
6
Let t be -4 - (-10)/(2/(-2)). What is the tens digit of (-760)/t + 6*3/(-63)?
5
Let g(d) be the third derivative of d**5/60 + d**3 + 7*d**2. What is the units digit of g(-5)?
1
Let f = 2405 + -1566. What is the tens digit of f?
3
Suppose 0 = -m + 5*m - 8, -2*r = 5*m - 2862. What is the tens digit of r?
2
Let o(j) = -j**3 - 8*j**2 - 8*j - 7. Let c be o(-7). Suppose 12*d - 15*d = c. Suppose g + 3*g - 8 = d. What is the units digit of g